{"id":56,"date":"2023-11-20T11:39:04","date_gmt":"2023-11-20T11:39:04","guid":{"rendered":"https:\/\/franquiciasymarcas.com\/?page_id=56"},"modified":"2023-11-21T10:40:37","modified_gmt":"2023-11-21T10:40:37","slug":"servicios","status":"publish","type":"page","link":"https:\/\/franquiciasymarcas.com\/?page_id=56","title":{"rendered":"Servicios"},"content":{"rendered":"\n<div class=\"wp-block-group alignfull has-global-padding is-layout-constrained wp-container-core-group-is-layout-d89aad35 wp-block-group-is-layout-constrained\" style=\"margin-top:0;margin-bottom:0;padding-top:var(--wp--preset--spacing--50);padding-right:var(--wp--preset--spacing--50);padding-bottom:var(--wp--preset--spacing--50);padding-left:var(--wp--preset--spacing--50)\">\n<div class=\"wp-block-group alignwide has-global-padding is-layout-constrained wp-container-core-group-is-layout-19e250f3 wp-block-group-is-layout-constrained\">\n<div style=\"height:var(--wp--preset--spacing--40)\" aria-hidden=\"true\" class=\"wp-block-spacer\"><\/div>\n\n\n\n<div class=\"wp-block-columns alignwide is-layout-flex wp-container-core-columns-is-layout-d1c656ed wp-block-columns-is-layout-flex\">\n<div class=\"wp-block-column is-vertically-aligned-center is-layout-flow wp-block-column-is-layout-flow\" style=\"flex-basis:40%\">\n<h3 class=\"wp-block-heading is-style-asterisk\">Evaluaci\u00f3n de la viabilidad de convertir tu marca en franquicia<\/h3>\n\n\n\n<p>Realizamos un an\u00e1lisis exhaustivo para determinar si tu marca tiene el potencial de convertirse en una franquicia exitosa. Evaluamos factores como la demanda del mercado, la fortaleza de tu marca y la capacidad de replicar tu modelo de negocio en diferentes ubicaciones.&nbsp;<\/p>\n<\/div>\n\n\n\n<div class=\"wp-block-column is-layout-flow wp-block-column-is-layout-flow\" style=\"flex-basis:50%\">\n<figure class=\"wp-block-image aligncenter size-large is-resized is-style-rounded is-style-rounded--1\"><img loading=\"lazy\" decoding=\"async\" width=\"1024\" height=\"1024\" src=\"https:\/\/franquiciasymarcas.com\/wp-content\/uploads\/2023\/11\/10-1-1024x1024.png\" alt=\"\" class=\"wp-image-101\" style=\"width:496px;height:auto\" srcset=\"https:\/\/franquiciasymarcas.com\/wp-content\/uploads\/2023\/11\/10-1-1024x1024.png 1024w, https:\/\/franquiciasymarcas.com\/wp-content\/uploads\/2023\/11\/10-1-300x300.png 300w, https:\/\/franquiciasymarcas.com\/wp-content\/uploads\/2023\/11\/10-1-150x150.png 150w, https:\/\/franquiciasymarcas.com\/wp-content\/uploads\/2023\/11\/10-1-768x768.png 768w, https:\/\/franquiciasymarcas.com\/wp-content\/uploads\/2023\/11\/10-1.png 1080w\" sizes=\"auto, (max-width: 1024px) 100vw, 1024px\" \/><\/figure>\n<\/div>\n<\/div>\n\n\n\n<div style=\"height:var(--wp--preset--spacing--40)\" aria-hidden=\"true\" class=\"wp-block-spacer\"><\/div>\n\n\n\n<div class=\"wp-block-columns alignwide is-layout-flex wp-container-core-columns-is-layout-d1c656ed wp-block-columns-is-layout-flex\">\n<div class=\"wp-block-column is-layout-flow wp-block-column-is-layout-flow\" style=\"flex-basis:50%\">\n<figure class=\"wp-block-image aligncenter size-large is-resized is-style-rounded is-style-rounded--2\"><img loading=\"lazy\" decoding=\"async\" width=\"1024\" height=\"1024\" src=\"https:\/\/franquiciasymarcas.com\/wp-content\/uploads\/2023\/11\/2-copia-1024x1024.png\" alt=\"\" class=\"wp-image-24\" style=\"width:503px;height:auto\" srcset=\"https:\/\/franquiciasymarcas.com\/wp-content\/uploads\/2023\/11\/2-copia-1024x1024.png 1024w, https:\/\/franquiciasymarcas.com\/wp-content\/uploads\/2023\/11\/2-copia-300x300.png 300w, https:\/\/franquiciasymarcas.com\/wp-content\/uploads\/2023\/11\/2-copia-150x150.png 150w, https:\/\/franquiciasymarcas.com\/wp-content\/uploads\/2023\/11\/2-copia-768x768.png 768w, https:\/\/franquiciasymarcas.com\/wp-content\/uploads\/2023\/11\/2-copia.png 1080w\" sizes=\"auto, (max-width: 1024px) 100vw, 1024px\" \/><\/figure>\n<\/div>\n\n\n\n<div class=\"wp-block-column is-vertically-aligned-center is-layout-flow wp-block-column-is-layout-flow\" style=\"flex-basis:40%\">\n<h3 class=\"wp-block-heading is-style-asterisk\">Desarrollo de manuales y documentaci\u00f3n para franquicias<\/h3>\n\n\n\n<p>Creamos manuales detallados y documentaci\u00f3n completa que servir\u00e1n como gu\u00eda para tus franquiciados. <\/p>\n\n\n\n<p>Estos manuales incluyen informaci\u00f3n sobre los procesos operativos, est\u00e1ndares de calidad, estrategias de marketing y cualquier otro aspecto importante para el \u00e9xito de tu franquicia.<\/p>\n<\/div>\n<\/div>\n\n\n\n<div style=\"height:var(--wp--preset--spacing--40)\" aria-hidden=\"true\" class=\"wp-block-spacer\"><\/div>\n\n\n\n<div class=\"wp-block-columns alignwide is-layout-flex wp-container-core-columns-is-layout-d1c656ed wp-block-columns-is-layout-flex\">\n<div class=\"wp-block-column is-vertically-aligned-center is-layout-flow wp-block-column-is-layout-flow\" style=\"flex-basis:40%\">\n<h3 class=\"wp-block-heading is-style-asterisk\">Dise\u00f1o y desarrollo de sitios web y materiales de marketing para franquicias<\/h3>\n\n\n\n<p>Creamos sitios web profesionales y atractivos para tu franquicia, que reflejen la identidad de tu marca y brinden una experiencia positiva a los visitantes. Adem\u00e1s, desarrollamos materiales de marketing personalizados, como folletos, carteles y anuncios digitales, para promocionar tu franquicia y atraer a clientes potenciales.<\/p>\n<\/div>\n\n\n\n<div class=\"wp-block-column is-layout-flow wp-block-column-is-layout-flow\" style=\"flex-basis:50%\">\n<figure class=\"wp-block-image aligncenter size-large is-resized is-style-rounded is-style-rounded--3\"><img loading=\"lazy\" decoding=\"async\" width=\"1024\" height=\"1024\" src=\"https:\/\/franquiciasymarcas.com\/wp-content\/uploads\/2023\/11\/5-1-1024x1024.png\" alt=\"\" class=\"wp-image-96\" style=\"width:441px;height:auto\" srcset=\"https:\/\/franquiciasymarcas.com\/wp-content\/uploads\/2023\/11\/5-1-1024x1024.png 1024w, https:\/\/franquiciasymarcas.com\/wp-content\/uploads\/2023\/11\/5-1-300x300.png 300w, https:\/\/franquiciasymarcas.com\/wp-content\/uploads\/2023\/11\/5-1-150x150.png 150w, https:\/\/franquiciasymarcas.com\/wp-content\/uploads\/2023\/11\/5-1-768x768.png 768w, https:\/\/franquiciasymarcas.com\/wp-content\/uploads\/2023\/11\/5-1.png 1080w\" sizes=\"auto, (max-width: 1024px) 100vw, 1024px\" \/><\/figure>\n<\/div>\n<\/div>\n\n\n\n<div style=\"height:var(--wp--preset--spacing--40)\" aria-hidden=\"true\" class=\"wp-block-spacer\"><\/div>\n\n\n\n<div class=\"wp-block-columns alignwide is-layout-flex wp-container-core-columns-is-layout-d1c656ed wp-block-columns-is-layout-flex\">\n<div class=\"wp-block-column is-layout-flow wp-block-column-is-layout-flow\" style=\"flex-basis:50%\">\n<figure class=\"wp-block-image size-large is-resized is-style-rounded is-style-rounded--4\"><img loading=\"lazy\" decoding=\"async\" width=\"1024\" height=\"1024\" src=\"https:\/\/franquiciasymarcas.com\/wp-content\/uploads\/2023\/11\/9-1024x1024.png\" alt=\"\" class=\"wp-image-31\" style=\"width:425px;height:auto\" srcset=\"https:\/\/franquiciasymarcas.com\/wp-content\/uploads\/2023\/11\/9-1024x1024.png 1024w, https:\/\/franquiciasymarcas.com\/wp-content\/uploads\/2023\/11\/9-300x300.png 300w, https:\/\/franquiciasymarcas.com\/wp-content\/uploads\/2023\/11\/9-150x150.png 150w, https:\/\/franquiciasymarcas.com\/wp-content\/uploads\/2023\/11\/9-768x768.png 768w, https:\/\/franquiciasymarcas.com\/wp-content\/uploads\/2023\/11\/9.png 1080w\" sizes=\"auto, (max-width: 1024px) 100vw, 1024px\" \/><\/figure>\n<\/div>\n\n\n\n<div class=\"wp-block-column is-vertically-aligned-center is-layout-flow wp-block-column-is-layout-flow\" style=\"flex-basis:40%\">\n<h3 class=\"wp-block-heading is-style-asterisk\">Asesoramiento legal y apoyo en la estructuraci\u00f3n de acuerdos de franquicias<\/h3>\n\n\n\n<p>Contamos con expertos legales que te brindar\u00e1n asesoramiento y apoyo en todos los aspectos legales relacionados con la franquicia. Te ayudamos a estructurar los acuerdos de franquicia de manera s\u00f3lida y a cumplir con todas las regulaciones y requisitos legales aplicables.<\/p>\n<\/div>\n<\/div>\n\n\n\n<div class=\"wp-block-columns alignwide is-layout-flex wp-container-core-columns-is-layout-d1c656ed wp-block-columns-is-layout-flex\">\n<div class=\"wp-block-column is-vertically-aligned-center is-layout-flow wp-block-column-is-layout-flow\" style=\"flex-basis:40%\">\n<h3 class=\"wp-block-heading is-style-asterisk\">Formaci\u00f3n y soporte continuo<\/h3>\n\n\n\n<p>Ofrecemos programas de capacitaci\u00f3n para tus franquicias, que abarcan desde la operaci\u00f3n del negocio hasta la gesti\u00f3n de personal y el servicio al cliente. Adem\u00e1s, brindamos soporte continuo a tus franquicias, respondiendo a sus preguntas, resolviendo problemas y brindando orientaci\u00f3n en todas las etapas de su operaci\u00f3n.<\/p>\n<\/div>\n\n\n\n<div class=\"wp-block-column is-layout-flow wp-block-column-is-layout-flow\" style=\"flex-basis:50%\">\n<figure class=\"wp-block-image aligncenter size-large is-resized is-style-rounded is-style-rounded--5\"><img loading=\"lazy\" decoding=\"async\" width=\"1024\" height=\"1024\" src=\"https:\/\/franquiciasymarcas.com\/wp-content\/uploads\/2023\/11\/9-1-1024x1024.png\" alt=\"\" class=\"wp-image-100\" style=\"width:455px;height:auto\" srcset=\"https:\/\/franquiciasymarcas.com\/wp-content\/uploads\/2023\/11\/9-1-1024x1024.png 1024w, https:\/\/franquiciasymarcas.com\/wp-content\/uploads\/2023\/11\/9-1-300x300.png 300w, https:\/\/franquiciasymarcas.com\/wp-content\/uploads\/2023\/11\/9-1-150x150.png 150w, https:\/\/franquiciasymarcas.com\/wp-content\/uploads\/2023\/11\/9-1-768x768.png 768w, https:\/\/franquiciasymarcas.com\/wp-content\/uploads\/2023\/11\/9-1.png 1080w\" sizes=\"auto, (max-width: 1024px) 100vw, 1024px\" \/><\/figure>\n<\/div>\n<\/div>\n<\/div>\n<\/div>\n\n\n\n\n\n<div class=\"wp-block-group alignfull has-accent-5-background-color has-background has-global-padding is-layout-constrained wp-container-core-group-is-layout-d89aad35 wp-block-group-is-layout-constrained\" style=\"margin-top:0;margin-bottom:0;padding-top:var(--wp--preset--spacing--50);padding-right:var(--wp--preset--spacing--50);padding-bottom:var(--wp--preset--spacing--50);padding-left:var(--wp--preset--spacing--50)\">\n<div class=\"wp-block-columns alignwide is-layout-flex wp-container-core-columns-is-layout-1da03c2a wp-block-columns-is-layout-flex\">\n<div class=\"wp-block-column is-vertically-aligned-center is-layout-flow wp-block-column-is-layout-flow\" style=\"flex-basis:60%\">\n<figure class=\"wp-block-image size-full is-style-rounded wp-duotone-duotone-1 is-style-rounded--6\"><img decoding=\"async\" src=\"https:\/\/franquiciasymarcas.com\/wp-content\/themes\/twentytwentyfour\/assets\/images\/abstract-geometric-art.webp\" alt=\"Obra de arte geom\u00e9trica abstracta blanca de Dresde, Alemania\" style=\"aspect-ratio:4\/3;object-fit:cover\"\/><\/figure>\n<\/div>\n\n\n\n<div class=\"wp-block-column is-layout-flow wp-block-column-is-layout-flow\" style=\"flex-basis:40%\">\n<h2 class=\"wp-block-heading\">Nuestro equipo<\/h2>\n\n\n\n<p>Somos un equipo de expertos en marcas, dedicados a ayudar a las marcas a expandirse y convertirse en franquicias exitosas. Con a\u00f1os de experiencia en el sector, hemos ayudado a numerosas empresas a alcanzar su potencial m\u00e1ximo.<\/p>\n\n\n\n<div class=\"wp-block-buttons is-content-justification-center is-layout-flex wp-container-core-buttons-is-layout-a89b3969 wp-block-buttons-is-layout-flex\">\n<div class=\"wp-block-button\"><a class=\"wp-block-button__link wp-element-button\" href=\"https:\/\/franquiciasymarcas.com\/?page_id=40\">Sobre nosotros<\/a><\/div>\n<\/div>\n<\/div>\n<\/div>\n<\/div>\n\n\n\n<div class=\"wp-block-group alignwide has-global-padding is-layout-constrained wp-block-group-is-layout-constrained\">\n<div class=\"wp-block-group alignwide is-layout-flow wp-block-group-is-layout-flow\" style=\"padding-top:var(--wp--preset--spacing--50);padding-bottom:var(--wp--preset--spacing--50)\">\n<figure class=\"wp-block-image size-full is-resized\"><img decoding=\"async\" src=\"https:\/\/franquiciasymarcas.com\/wp-content\/themes\/twentytwentyfour\/assets\/images\/icon-message.webp\" alt=\"\" style=\"width:40px;height:auto\"\/><\/figure>\n\n\n\n<hr class=\"wp-block-separator has-alpha-channel-opacity is-style-wide\"\/>\n\n\n\n<div class=\"wp-block-columns is-layout-flex wp-container-core-columns-is-layout-633352e7 wp-block-columns-is-layout-flex\" style=\"padding-top:var(--wp--preset--spacing--10)\">\n<div class=\"wp-block-column is-layout-flow wp-block-column-is-layout-flow\" style=\"flex-basis:57%\">\n<h2 class=\"wp-block-heading has-x-large-font-size\">Contacta con nosotros<\/h2>\n<\/div>\n\n\n\n<div class=\"wp-block-column is-layout-flow wp-block-column-is-layout-flow\" style=\"flex-basis:30%\">\n<div class=\"wp-block-group is-vertical is-layout-flex wp-container-core-group-is-layout-ea0cb840 wp-block-group-is-layout-flex\">\n<h3 class=\"wp-block-heading has-body-font-family has-medium-font-size\">Contacto<\/h3>\n\n\n\n<p><a href=\"#\">info@dominio.es<\/a><\/p>\n<\/div>\n<\/div>\n\n\n\n<div class=\"wp-block-column is-layout-flow wp-block-column-is-layout-flow\" style=\"flex-basis:30%\">\n<div class=\"wp-block-columns is-not-stacked-on-mobile is-layout-flex wp-container-core-columns-is-layout-28f84493 wp-block-columns-is-layout-flex\">\n<div class=\"wp-block-column is-layout-flow wp-block-column-is-layout-flow\">\n<div class=\"wp-block-group is-vertical is-layout-flex wp-container-core-group-is-layout-ea0cb840 wp-block-group-is-layout-flex\">\n<h3 class=\"wp-block-heading has-body-font-family has-medium-font-size\">Seguir<\/h3>\n\n\n\n<p><a href=\"#\">Instagram<\/a> \/ <a href=\"#\">Facebook<\/a><\/p>\n<\/div>\n<\/div>\n<\/div>\n<\/div>\n<\/div>\n\n\n\n<div style=\"height:var(--wp--preset--spacing--50)\" aria-hidden=\"true\" class=\"wp-block-spacer\"><\/div>\n\n\n\n<div class=\"wp-block-group is-content-justification-space-between is-layout-flex wp-container-core-group-is-layout-e5edad21 wp-block-group-is-layout-flex\">\n<div class=\"wp-block-group is-layout-flex wp-container-core-group-is-layout-fe1ad1e6 wp-block-group-is-layout-flex\">\n<p class=\"has-small-font-size\">\u00a9<\/p>\n\n\n<p style=\"font-style:normal;font-weight:400;\" class=\"wp-block-site-title has-small-font-size\"><a href=\"https:\/\/franquiciasymarcas.com\" target=\"_self\" rel=\"home\">Franquicias<\/a><\/p><\/div>\n\n\n\n<p class=\"has-small-font-size\">\n\t\t\t\tDise\u00f1ado con <a href=\"https:\/\/es.wordpress.org\" rel=\"nofollow\">WordPress<\/a>\t\t\t<\/p>\n<\/div>\n<\/div>\n<\/div>\n","protected":false},"excerpt":{"rendered":"<p>Evaluaci\u00f3n de la viabilidad de convertir tu marca en franquicia Realizamos un an\u00e1lisis exhaustivo para determinar si tu marca tiene el potencial de convertirse en una franquicia exitosa. Evaluamos factores como la demanda del mercado, la fortaleza de tu marca y la capacidad de replicar tu modelo de negocio en diferentes ubicaciones.&nbsp; Desarrollo de manuales [&hellip;]<\/p>\n","protected":false},"author":1,"featured_media":0,"parent":0,"menu_order":0,"comment_status":"closed","ping_status":"closed","template":"","meta":{"footnotes":""},"class_list":["post-56","page","type-page","status-publish","hentry"],"yoast_head":"<!-- This site is optimized with the Yoast SEO plugin v27.4 - https:\/\/yoast.com\/product\/yoast-seo-wordpress\/ -->\n<title>Servicios - Franquicias<\/title>\n<meta name=\"robots\" content=\"index, follow, max-snippet:-1, max-image-preview:large, max-video-preview:-1\" \/>\n<link rel=\"canonical\" href=\"https:\/\/franquiciasymarcas.com\/?page_id=56\" \/>\n<meta property=\"og:locale\" content=\"es_ES\" \/>\n<meta property=\"og:type\" content=\"article\" \/>\n<meta property=\"og:title\" content=\"Servicios - Franquicias\" \/>\n<meta property=\"og:description\" content=\"Evaluaci\u00f3n de la viabilidad de convertir tu marca en franquicia Realizamos un an\u00e1lisis exhaustivo para determinar si tu marca tiene el potencial de convertirse en una franquicia exitosa. Evaluamos factores como la demanda del mercado, la fortaleza de tu marca y la capacidad de replicar tu modelo de negocio en diferentes ubicaciones.&nbsp; Desarrollo de manuales [&hellip;]\" \/>\n<meta property=\"og:url\" content=\"https:\/\/franquiciasymarcas.com\/?page_id=56\" \/>\n<meta property=\"og:site_name\" content=\"Franquicias\" \/>\n<meta property=\"article:modified_time\" content=\"2023-11-21T10:40:37+00:00\" \/>\n<meta property=\"og:image\" content=\"https:\/\/franquiciasymarcas.com\/wp-content\/uploads\/2023\/11\/10-1-1024x1024.png\" \/>\n<meta name=\"twitter:card\" content=\"summary_large_image\" \/>\n<meta name=\"twitter:label1\" content=\"Tiempo de lectura\" \/>\n\t<meta name=\"twitter:data1\" content=\"2 minutos\" \/>\n<script type=\"application\/ld+json\" class=\"yoast-schema-graph\">{\"@context\":\"https:\\\/\\\/schema.org\",\"@graph\":[{\"@type\":\"WebPage\",\"@id\":\"https:\\\/\\\/franquiciasymarcas.com\\\/?page_id=56\",\"url\":\"https:\\\/\\\/franquiciasymarcas.com\\\/?page_id=56\",\"name\":\"Servicios - Franquicias\",\"isPartOf\":{\"@id\":\"https:\\\/\\\/franquiciasymarcas.com\\\/#website\"},\"primaryImageOfPage\":{\"@id\":\"https:\\\/\\\/franquiciasymarcas.com\\\/?page_id=56#primaryimage\"},\"image\":{\"@id\":\"https:\\\/\\\/franquiciasymarcas.com\\\/?page_id=56#primaryimage\"},\"thumbnailUrl\":\"https:\\\/\\\/franquiciasymarcas.com\\\/wp-content\\\/uploads\\\/2023\\\/11\\\/10-1-1024x1024.png\",\"datePublished\":\"2023-11-20T11:39:04+00:00\",\"dateModified\":\"2023-11-21T10:40:37+00:00\",\"breadcrumb\":{\"@id\":\"https:\\\/\\\/franquiciasymarcas.com\\\/?page_id=56#breadcrumb\"},\"inLanguage\":\"es\",\"potentialAction\":[{\"@type\":\"ReadAction\",\"target\":[\"https:\\\/\\\/franquiciasymarcas.com\\\/?page_id=56\"]}]},{\"@type\":\"ImageObject\",\"inLanguage\":\"es\",\"@id\":\"https:\\\/\\\/franquiciasymarcas.com\\\/?page_id=56#primaryimage\",\"url\":\"https:\\\/\\\/franquiciasymarcas.com\\\/wp-content\\\/uploads\\\/2023\\\/11\\\/10-1.png\",\"contentUrl\":\"https:\\\/\\\/franquiciasymarcas.com\\\/wp-content\\\/uploads\\\/2023\\\/11\\\/10-1.png\",\"width\":1080,\"height\":1080},{\"@type\":\"BreadcrumbList\",\"@id\":\"https:\\\/\\\/franquiciasymarcas.com\\\/?page_id=56#breadcrumb\",\"itemListElement\":[{\"@type\":\"ListItem\",\"position\":1,\"name\":\"Portada\",\"item\":\"https:\\\/\\\/franquiciasymarcas.com\\\/\"},{\"@type\":\"ListItem\",\"position\":2,\"name\":\"Servicios\"}]},{\"@type\":\"WebSite\",\"@id\":\"https:\\\/\\\/franquiciasymarcas.com\\\/#website\",\"url\":\"https:\\\/\\\/franquiciasymarcas.com\\\/\",\"name\":\"Franquicias\",\"description\":\"\",\"potentialAction\":[{\"@type\":\"SearchAction\",\"target\":{\"@type\":\"EntryPoint\",\"urlTemplate\":\"https:\\\/\\\/franquiciasymarcas.com\\\/?s={search_term_string}\"},\"query-input\":{\"@type\":\"PropertyValueSpecification\",\"valueRequired\":true,\"valueName\":\"search_term_string\"}}],\"inLanguage\":\"es\"}]}<\/script>\n<!-- \/ Yoast SEO plugin. -->","yoast_head_json":{"title":"Servicios - Franquicias","robots":{"index":"index","follow":"follow","max-snippet":"max-snippet:-1","max-image-preview":"max-image-preview:large","max-video-preview":"max-video-preview:-1"},"canonical":"https:\/\/franquiciasymarcas.com\/?page_id=56","og_locale":"es_ES","og_type":"article","og_title":"Servicios - Franquicias","og_description":"Evaluaci\u00f3n de la viabilidad de convertir tu marca en franquicia Realizamos un an\u00e1lisis exhaustivo para determinar si tu marca tiene el potencial de convertirse en una franquicia exitosa. Evaluamos factores como la demanda del mercado, la fortaleza de tu marca y la capacidad de replicar tu modelo de negocio en diferentes ubicaciones.&nbsp; Desarrollo de manuales [&hellip;]","og_url":"https:\/\/franquiciasymarcas.com\/?page_id=56","og_site_name":"Franquicias","article_modified_time":"2023-11-21T10:40:37+00:00","og_image":[{"url":"https:\/\/franquiciasymarcas.com\/wp-content\/uploads\/2023\/11\/10-1-1024x1024.png","type":"","width":"","height":""}],"twitter_card":"summary_large_image","twitter_misc":{"Tiempo de lectura":"2 minutos"},"schema":{"@context":"https:\/\/schema.org","@graph":[{"@type":"WebPage","@id":"https:\/\/franquiciasymarcas.com\/?page_id=56","url":"https:\/\/franquiciasymarcas.com\/?page_id=56","name":"Servicios - Franquicias","isPartOf":{"@id":"https:\/\/franquiciasymarcas.com\/#website"},"primaryImageOfPage":{"@id":"https:\/\/franquiciasymarcas.com\/?page_id=56#primaryimage"},"image":{"@id":"https:\/\/franquiciasymarcas.com\/?page_id=56#primaryimage"},"thumbnailUrl":"https:\/\/franquiciasymarcas.com\/wp-content\/uploads\/2023\/11\/10-1-1024x1024.png","datePublished":"2023-11-20T11:39:04+00:00","dateModified":"2023-11-21T10:40:37+00:00","breadcrumb":{"@id":"https:\/\/franquiciasymarcas.com\/?page_id=56#breadcrumb"},"inLanguage":"es","potentialAction":[{"@type":"ReadAction","target":["https:\/\/franquiciasymarcas.com\/?page_id=56"]}]},{"@type":"ImageObject","inLanguage":"es","@id":"https:\/\/franquiciasymarcas.com\/?page_id=56#primaryimage","url":"https:\/\/franquiciasymarcas.com\/wp-content\/uploads\/2023\/11\/10-1.png","contentUrl":"https:\/\/franquiciasymarcas.com\/wp-content\/uploads\/2023\/11\/10-1.png","width":1080,"height":1080},{"@type":"BreadcrumbList","@id":"https:\/\/franquiciasymarcas.com\/?page_id=56#breadcrumb","itemListElement":[{"@type":"ListItem","position":1,"name":"Portada","item":"https:\/\/franquiciasymarcas.com\/"},{"@type":"ListItem","position":2,"name":"Servicios"}]},{"@type":"WebSite","@id":"https:\/\/franquiciasymarcas.com\/#website","url":"https:\/\/franquiciasymarcas.com\/","name":"Franquicias","description":"","potentialAction":[{"@type":"SearchAction","target":{"@type":"EntryPoint","urlTemplate":"https:\/\/franquiciasymarcas.com\/?s={search_term_string}"},"query-input":{"@type":"PropertyValueSpecification","valueRequired":true,"valueName":"search_term_string"}}],"inLanguage":"es"}]}},"_links":{"self":[{"href":"https:\/\/franquiciasymarcas.com\/index.php?rest_route=\/wp\/v2\/pages\/56","targetHints":{"allow":["GET"]}}],"collection":[{"href":"https:\/\/franquiciasymarcas.com\/index.php?rest_route=\/wp\/v2\/pages"}],"about":[{"href":"https:\/\/franquiciasymarcas.com\/index.php?rest_route=\/wp\/v2\/types\/page"}],"author":[{"embeddable":true,"href":"https:\/\/franquiciasymarcas.com\/index.php?rest_route=\/wp\/v2\/users\/1"}],"replies":[{"embeddable":true,"href":"https:\/\/franquiciasymarcas.com\/index.php?rest_route=%2Fwp%2Fv2%2Fcomments&post=56"}],"version-history":[{"count":3,"href":"https:\/\/franquiciasymarcas.com\/index.php?rest_route=\/wp\/v2\/pages\/56\/revisions"}],"predecessor-version":[{"id":147,"href":"https:\/\/franquiciasymarcas.com\/index.php?rest_route=\/wp\/v2\/pages\/56\/revisions\/147"}],"wp:attachment":[{"href":"https:\/\/franquiciasymarcas.com\/index.php?rest_route=%2Fwp%2Fv2%2Fmedia&parent=56"}],"curies":[{"name":"wp","href":"https:\/\/api.w.org\/{rel}","templated":true}]}}