{"id":40,"date":"2023-11-20T10:53:05","date_gmt":"2023-11-20T10:53:05","guid":{"rendered":"https:\/\/franquiciasymarcas.com\/?page_id=40"},"modified":"2023-11-21T12:56:38","modified_gmt":"2023-11-21T12:56:38","slug":"sobre-nosotros","status":"publish","type":"page","link":"https:\/\/franquiciasymarcas.com\/?page_id=40","title":{"rendered":"Sobre nosotros"},"content":{"rendered":"\n<div class=\"wp-block-group alignfull has-base-2-background-color has-background has-global-padding is-layout-constrained wp-container-core-group-is-layout-669513ed wp-block-group-is-layout-constrained\" style=\"margin-top:0;margin-bottom:0;padding-top:var(--wp--preset--spacing--50);padding-right:var(--wp--preset--spacing--50);padding-bottom:var(--wp--preset--spacing--50);padding-left:var(--wp--preset--spacing--50)\">\n<div class=\"wp-block-columns alignwide is-layout-flex wp-container-core-columns-is-layout-1da03c2a wp-block-columns-is-layout-flex\">\n<div class=\"wp-block-column is-vertically-aligned-stretch is-layout-flow wp-block-column-is-layout-flow\" style=\"flex-basis:50%\">\n<div class=\"wp-block-group is-vertical is-content-justification-stretch is-layout-flex wp-container-core-group-is-layout-444d5ee8 wp-block-group-is-layout-flex\" style=\"min-height:100%\">\n<h2 class=\"wp-block-heading has-text-align-left has-contrast-color has-text-color has-link-color wp-elements-2930e64f6ae9d5c8d7010f07f75eac4f\">Pertenecemos a Fondos de Inversi\u00f3n y buscamos ayudar a las marcas a expandirse y convertirse en franquicias exitosas. <\/h2>\n\n\n\n<div class=\"wp-block-group has-global-padding is-content-justification-left is-layout-constrained wp-container-core-group-is-layout-9fe8ed88 wp-block-group-is-layout-constrained\">\n<div class=\"wp-block-buttons alignwide is-content-justification-right is-layout-flex wp-container-core-buttons-is-layout-27f651d6 wp-block-buttons-is-layout-flex\">\n<div class=\"wp-block-button\"><a class=\"wp-block-button__link wp-element-button\" href=\"https:\/\/franquiciasymarcas.com\/?page_id=90\">Contacta con nosotros<\/a><\/div>\n<\/div>\n<\/div>\n<\/div>\n<\/div>\n\n\n\n<div class=\"wp-block-column is-vertically-aligned-center is-layout-flow wp-block-column-is-layout-flow\" style=\"flex-basis:50%\">\n<figure class=\"wp-block-image aligncenter size-large is-resized is-style-rounded is-style-rounded--1\"><img loading=\"lazy\" decoding=\"async\" width=\"1024\" height=\"1024\" src=\"https:\/\/franquiciasymarcas.com\/wp-content\/uploads\/2023\/11\/6-1024x1024.png\" alt=\"\" class=\"wp-image-23\" style=\"aspect-ratio:0.75;object-fit:cover;width:362px;height:auto\" srcset=\"https:\/\/franquiciasymarcas.com\/wp-content\/uploads\/2023\/11\/6-1024x1024.png 1024w, https:\/\/franquiciasymarcas.com\/wp-content\/uploads\/2023\/11\/6-300x300.png 300w, https:\/\/franquiciasymarcas.com\/wp-content\/uploads\/2023\/11\/6-150x150.png 150w, https:\/\/franquiciasymarcas.com\/wp-content\/uploads\/2023\/11\/6-768x768.png 768w, https:\/\/franquiciasymarcas.com\/wp-content\/uploads\/2023\/11\/6.png 1080w\" sizes=\"auto, (max-width: 1024px) 100vw, 1024px\" \/><\/figure>\n<\/div>\n<\/div>\n<\/div>\n\n\n\n<div class=\"wp-block-group alignfull has-base-background-color has-background has-global-padding is-layout-constrained wp-container-core-group-is-layout-d89aad35 wp-block-group-is-layout-constrained\" style=\"margin-top:0;margin-bottom:0;padding-top:var(--wp--preset--spacing--50);padding-right:var(--wp--preset--spacing--50);padding-bottom:var(--wp--preset--spacing--50);padding-left:var(--wp--preset--spacing--50)\">\n<div class=\"wp-block-columns alignwide is-layout-flex wp-container-core-columns-is-layout-549b0c86 wp-block-columns-is-layout-flex\">\n<div class=\"wp-block-column has-global-padding is-content-justification-left is-layout-constrained wp-container-core-column-is-layout-4f15e8fe wp-block-column-is-layout-constrained\" style=\"flex-basis:40%\">\n<p>LOGO<\/p>\n<\/div>\n\n\n\n<div class=\"wp-block-column is-layout-flow wp-container-core-column-is-layout-119bc444 wp-block-column-is-layout-flow\" style=\"flex-basis:60%\">\n<div class=\"wp-block-columns is-layout-flex wp-container-core-columns-is-layout-87beb0d0 wp-block-columns-is-layout-flex\">\n<div class=\"wp-block-column is-layout-flow wp-block-column-is-layout-flow\">\n<p class=\"wp-container-content-9cfa9a5a\">Nos enfocamos en brindar soluciones personalizadas y adaptadas a las necesidades espec\u00edficas de cada marca. Nuestro objetivo es ayudar a las marcas a maximizar su crecimiento y \u00e9xito en el mercado de las franquicias.<\/p>\n<\/div>\n<\/div>\n\n\n\n<p>Ofrecemos una variedad de servicios y recursos para las marcas interesadas en convertirse en franquicias. Estos servicios incluyen asesoramiento estrat\u00e9gico, desarrollo de planes de expansi\u00f3n, an\u00e1lisis de mercado, apoyo en la selecci\u00f3n de franquicias, y m\u00e1s.<\/p>\n<\/div>\n<\/div>\n<\/div>\n\n\n\n<div class=\"wp-block-group alignfull has-accent-5-background-color has-background has-global-padding is-layout-constrained wp-container-core-group-is-layout-d89aad35 wp-block-group-is-layout-constrained\" style=\"margin-top:0;margin-bottom:0;padding-top:var(--wp--preset--spacing--50);padding-right:var(--wp--preset--spacing--50);padding-bottom:var(--wp--preset--spacing--50);padding-left:var(--wp--preset--spacing--50)\">\n<div class=\"wp-block-columns alignwide is-layout-flex wp-container-core-columns-is-layout-1da03c2a wp-block-columns-is-layout-flex\">\n<div class=\"wp-block-column is-vertically-aligned-center is-layout-flow wp-block-column-is-layout-flow\" style=\"flex-basis:60%\">\n<figure class=\"wp-block-image size-full is-style-rounded wp-duotone-duotone-1 is-style-rounded--2\"><img loading=\"lazy\" decoding=\"async\" width=\"1080\" height=\"1080\" src=\"https:\/\/franquiciasymarcas.com\/wp-content\/uploads\/2023\/11\/6-2.png\" alt=\"\" class=\"wp-image-97\" style=\"aspect-ratio:4\/3;object-fit:cover\" srcset=\"https:\/\/franquiciasymarcas.com\/wp-content\/uploads\/2023\/11\/6-2.png 1080w, https:\/\/franquiciasymarcas.com\/wp-content\/uploads\/2023\/11\/6-2-300x300.png 300w, https:\/\/franquiciasymarcas.com\/wp-content\/uploads\/2023\/11\/6-2-1024x1024.png 1024w, https:\/\/franquiciasymarcas.com\/wp-content\/uploads\/2023\/11\/6-2-150x150.png 150w, https:\/\/franquiciasymarcas.com\/wp-content\/uploads\/2023\/11\/6-2-768x768.png 768w\" sizes=\"auto, (max-width: 1080px) 100vw, 1080px\" \/><\/figure>\n<\/div>\n\n\n\n<div class=\"wp-block-column is-layout-flow wp-block-column-is-layout-flow\" style=\"flex-basis:40%\">\n<h3 class=\"wp-block-heading has-x-large-font-size\">Nuestro enfoque se basa en brindar soluciones personalizadas y adaptadas a las necesidades espec\u00edficas de cada marca. <\/h3>\n\n\n\n<p>Ofrecemos una variedad de servicios, como asesoramiento estrat\u00e9gico, desarrollo de planes de expansi\u00f3n, an\u00e1lisis de mercado y apoyo en la selecci\u00f3n de franquiciados.<\/p>\n\n\n\n<div class=\"wp-block-buttons is-content-justification-center is-layout-flex wp-container-core-buttons-is-layout-a89b3969 wp-block-buttons-is-layout-flex\">\n<div class=\"wp-block-button\"><a class=\"wp-block-button__link wp-element-button\" href=\"https:\/\/franquiciasymarcas.com\/?page_id=56\">Nuestros servicios<\/a><\/div>\n<\/div>\n<\/div>\n<\/div>\n<\/div>\n\n\n\n<div class=\"wp-block-group alignfull has-global-padding is-layout-constrained wp-container-core-group-is-layout-669513ed wp-block-group-is-layout-constrained\" style=\"margin-top:0;margin-bottom:0;padding-top:var(--wp--preset--spacing--50);padding-right:var(--wp--preset--spacing--50);padding-bottom:var(--wp--preset--spacing--50);padding-left:var(--wp--preset--spacing--50)\">\n<div class=\"wp-block-group is-vertical is-content-justification-center is-layout-flex wp-container-core-group-is-layout-ce155fab wp-block-group-is-layout-flex\">\n<h2 class=\"wp-block-heading has-text-align-center has-xx-large-font-size\">Conoce a nuestro equipo<\/h2>\n\n\n\n<p class=\"has-text-align-center\">Nuestro equipo de profesionales est\u00e1 formado por expertos que abarcan diferentes materias, desde consultores hasta profesionales de marketing y asesor\u00eda legal. Trabajamos juntos para ofrecer un servicio integral a nuestros clientes.<\/p>\n<\/div>\n<\/div>\n\n\n\n\n\n<div class=\"wp-block-group alignfull has-base-color has-contrast-background-color has-text-color has-background has-link-color wp-elements-c3f454b888d61aa758e9df087a24dd42 has-global-padding is-layout-constrained wp-container-core-group-is-layout-d89aad35 wp-block-group-is-layout-constrained\" style=\"margin-top:0;margin-bottom:0;padding-top:var(--wp--preset--spacing--50);padding-right:var(--wp--preset--spacing--50);padding-bottom:var(--wp--preset--spacing--50);padding-left:var(--wp--preset--spacing--50)\">\n<h2 class=\"wp-block-heading alignwide has-base-color has-text-color has-link-color wp-elements-b512e5a88873dee721d88cb65f198399\" style=\"font-size:clamp(4.16rem, 4.16rem + ((1vw - 0.2rem) * 8.067), 9rem);letter-spacing:-0.02em\">Preguntas frecuentes<\/h2>\n\n\n\n<div class=\"wp-block-group alignwide is-layout-flow wp-block-group-is-layout-flow\">\n<hr class=\"wp-block-separator has-text-color has-base-color has-alpha-channel-opacity has-base-background-color has-background is-style-wide\"\/>\n\n\n\n<details class=\"wp-block-details is-style-arrow-icon-details has-medium-font-size is-layout-flow wp-block-details-is-layout-flow\" style=\"border-top-style:none;border-top-width:0px;border-right-style:none;border-right-width:0px;border-bottom-color:var(--wp--preset--color--base);border-bottom-style:solid;border-bottom-width:1px;border-left-style:none;border-left-width:0px;margin-top:0\"><summary>\u00bfQu\u00e9 beneficios ofrece convertirse en una franquicia?<\/summary>\n<p class=\"has-contrast-1-color has-text-color has-link-color wp-elements-a54e2a6c4f3824adce4d9a5669e31bd0\">Convertirse en una franquicia puede ofrecer numerosos beneficios, como el acceso a un modelo de negocio probado, el respaldo de una marca establecida, el apoyo en marketing y publicidad, y la posibilidad de expandirse a trav\u00e9s de la red de franquicias existente.<\/p>\n<\/details>\n\n\n\n<details class=\"wp-block-details is-style-arrow-icon-details has-medium-font-size is-layout-flow wp-block-details-is-layout-flow\" style=\"border-top-style:none;border-top-width:0px;border-right-style:none;border-right-width:0px;border-bottom-color:var(--wp--preset--color--base);border-bottom-style:solid;border-bottom-width:1px;border-left-style:none;border-left-width:0px;margin-top:0\"><summary>\u00bfCu\u00e1les son los requisitos para convertirse en una franquicia?<\/summary>\n<p class=\"has-contrast-1-color has-text-color has-link-color wp-elements-be3940179c4b7ff39385520074d24742\">Los requisitos para convertirse en una franquicia pueden variar seg\u00fan la empresa y el sector, pero generalmente implican tener un modelo de negocio exitoso, contar con los recursos financieros necesarios, cumplir con los est\u00e1ndares de calidad y operativos establecidos por la marca, y estar dispuesto a seguir las pautas y pol\u00edticas de la franquicia.<\/p>\n<\/details>\n\n\n\n<details class=\"wp-block-details is-style-arrow-icon-details has-medium-font-size is-layout-flow wp-block-details-is-layout-flow\" style=\"border-top-style:none;border-top-width:0px;border-right-style:none;border-right-width:0px;border-bottom-color:var(--wp--preset--color--base);border-bottom-style:solid;border-bottom-width:1px;border-left-style:none;border-left-width:0px;margin-top:0\"><summary>\u00bfCu\u00e1nto tiempo lleva establecer una franquicia exitosa?<\/summary>\n<p class=\"has-contrast-1-color has-text-color has-link-color wp-elements-165be84efaef0769bd8ea4cc56e39302\">El tiempo necesario para establecer una franquicia exitosa puede variar seg\u00fan diversos factores, como la industria, el modelo de negocio, la ubicaci\u00f3n y la dedicaci\u00f3n del franquiciado. Algunas franquicias pueden alcanzar el \u00e9xito en un per\u00edodo relativamente corto, mientras que otras pueden requerir m\u00e1s tiempo y esfuerzo para establecerse en el mercado.<\/p>\n<\/details>\n\n\n\n<details class=\"wp-block-details is-style-arrow-icon-details has-medium-font-size is-layout-flow wp-block-details-is-layout-flow\" style=\"border-top-style:none;border-top-width:0px;border-right-style:none;border-right-width:0px;border-bottom-color:var(--wp--preset--color--base);border-bottom-style:solid;border-bottom-width:1px;border-left-style:none;border-left-width:0px;margin-top:0\"><summary>\u00bfQu\u00e9 apoyo se brinda a los franquicias por parte de nuestra empresa?<\/summary>\n<p class=\"has-contrast-1-color has-text-color has-link-color wp-elements-7e49fbe315f7590f3d36d98ea0781c3a\">Brindamos un amplio apoyo a las franquicias, que puede incluir capacitaci\u00f3n inicial y continua, asistencia en la selecci\u00f3n y ubicaci\u00f3n del local, apoyo en marketing y publicidad, suministro de productos o servicios, asesoramiento operativo y soporte t\u00e9cnico. Este apoyo tiene como objetivo ayudar a las marcas a tener \u00e9xito y mantener la consistencia en todas las ubicaciones de la franquicia.&nbsp;<\/p>\n<\/details>\n\n\n\n<div style=\"margin-top:var(--wp--preset--spacing--10);margin-bottom:0;height:var(--wp--preset--spacing--10)\" aria-hidden=\"true\" class=\"wp-block-spacer\"><\/div>\n<\/div>\n<\/div>\n\n\n\n<div class=\"wp-block-group alignfull has-global-padding is-layout-constrained wp-container-core-group-is-layout-d89aad35 wp-block-group-is-layout-constrained\" style=\"margin-top:0;margin-bottom:0;padding-top:var(--wp--preset--spacing--50);padding-right:var(--wp--preset--spacing--50);padding-bottom:var(--wp--preset--spacing--50);padding-left:var(--wp--preset--spacing--50)\">\n<div class=\"wp-block-columns alignwide are-vertically-aligned-center is-layout-flex wp-container-core-columns-is-layout-47c06fe3 wp-block-columns-is-layout-flex\">\n<div class=\"wp-block-column is-vertically-aligned-center is-layout-flow wp-block-column-is-layout-flow\" style=\"flex-basis:50%\">\n<h2 class=\"wp-block-heading\">Beneficios de Franquicias y Marcas<\/h2>\n\n\n\n<ul style=\"line-height:1.75\" class=\"is-style-checkmark-list wp-block-list\">\n<li>Crecimiento acelerado<\/li>\n\n\n\n<li>Reducci\u00f3n de riesgos<\/li>\n\n\n\n<li>Aumento de ingresos<\/li>\n\n\n\n<li>Ventaja competitiva<\/li>\n<\/ul>\n\n\n\n<div class=\"wp-block-buttons is-content-justification-center is-layout-flex wp-container-core-buttons-is-layout-a89b3969 wp-block-buttons-is-layout-flex\">\n<div class=\"wp-block-button\"><a class=\"wp-block-button__link wp-element-button\" href=\"https:\/\/franquiciasymarcas.com\/?page_id=90\">\u00bfQuieres saber m\u00e1s?<\/a><\/div>\n<\/div>\n<\/div>\n\n\n\n<div class=\"wp-block-column is-vertically-aligned-center is-layout-flow wp-block-column-is-layout-flow\" style=\"flex-basis:50%\">\n<figure class=\"wp-block-image size-full is-style-rounded is-style-rounded--3\"><img loading=\"lazy\" decoding=\"async\" width=\"1080\" height=\"1080\" src=\"https:\/\/franquiciasymarcas.com\/wp-content\/uploads\/2023\/11\/2-copia.png\" alt=\"\" class=\"wp-image-24\" style=\"aspect-ratio:4\/3;object-fit:cover\" srcset=\"https:\/\/franquiciasymarcas.com\/wp-content\/uploads\/2023\/11\/2-copia.png 1080w, https:\/\/franquiciasymarcas.com\/wp-content\/uploads\/2023\/11\/2-copia-300x300.png 300w, https:\/\/franquiciasymarcas.com\/wp-content\/uploads\/2023\/11\/2-copia-1024x1024.png 1024w, https:\/\/franquiciasymarcas.com\/wp-content\/uploads\/2023\/11\/2-copia-150x150.png 150w, https:\/\/franquiciasymarcas.com\/wp-content\/uploads\/2023\/11\/2-copia-768x768.png 768w\" sizes=\"auto, (max-width: 1080px) 100vw, 1080px\" \/><\/figure>\n<\/div>\n<\/div>\n<\/div>\n","protected":false},"excerpt":{"rendered":"<p>Pertenecemos a Fondos de Inversi\u00f3n y buscamos ayudar a las marcas a expandirse y convertirse en franquicias exitosas. LOGO Nos enfocamos en brindar soluciones personalizadas y adaptadas a las necesidades espec\u00edficas de cada marca. Nuestro objetivo es ayudar a las marcas a maximizar su crecimiento y \u00e9xito en el mercado de las franquicias. Ofrecemos una [&hellip;]<\/p>\n","protected":false},"author":1,"featured_media":0,"parent":0,"menu_order":0,"comment_status":"closed","ping_status":"closed","template":"page-no-title","meta":{"footnotes":""},"class_list":["post-40","page","type-page","status-publish","hentry"],"yoast_head":"<!-- This site is optimized with the Yoast SEO plugin v27.4 - https:\/\/yoast.com\/product\/yoast-seo-wordpress\/ -->\n<title>Sobre nosotros - Franquicias<\/title>\n<meta name=\"robots\" content=\"index, follow, max-snippet:-1, max-image-preview:large, max-video-preview:-1\" \/>\n<link rel=\"canonical\" href=\"https:\/\/franquiciasymarcas.com\/?page_id=40\" \/>\n<meta property=\"og:locale\" content=\"es_ES\" \/>\n<meta property=\"og:type\" content=\"article\" \/>\n<meta property=\"og:title\" content=\"Sobre nosotros - Franquicias\" \/>\n<meta property=\"og:description\" content=\"Pertenecemos a Fondos de Inversi\u00f3n y buscamos ayudar a las marcas a expandirse y convertirse en franquicias exitosas. LOGO Nos enfocamos en brindar soluciones personalizadas y adaptadas a las necesidades espec\u00edficas de cada marca. Nuestro objetivo es ayudar a las marcas a maximizar su crecimiento y \u00e9xito en el mercado de las franquicias. Ofrecemos una [&hellip;]\" \/>\n<meta property=\"og:url\" content=\"https:\/\/franquiciasymarcas.com\/?page_id=40\" \/>\n<meta property=\"og:site_name\" content=\"Franquicias\" \/>\n<meta property=\"article:modified_time\" content=\"2023-11-21T12:56:38+00:00\" \/>\n<meta property=\"og:image\" content=\"https:\/\/franquiciasymarcas.com\/wp-content\/uploads\/2023\/11\/6-1024x1024.png\" \/>\n<meta name=\"twitter:card\" content=\"summary_large_image\" \/>\n<meta name=\"twitter:label1\" content=\"Tiempo de lectura\" \/>\n\t<meta name=\"twitter:data1\" content=\"3 minutos\" \/>\n<script type=\"application\/ld+json\" class=\"yoast-schema-graph\">{\"@context\":\"https:\\\/\\\/schema.org\",\"@graph\":[{\"@type\":\"WebPage\",\"@id\":\"https:\\\/\\\/franquiciasymarcas.com\\\/?page_id=40\",\"url\":\"https:\\\/\\\/franquiciasymarcas.com\\\/?page_id=40\",\"name\":\"Sobre nosotros - Franquicias\",\"isPartOf\":{\"@id\":\"https:\\\/\\\/franquiciasymarcas.com\\\/#website\"},\"primaryImageOfPage\":{\"@id\":\"https:\\\/\\\/franquiciasymarcas.com\\\/?page_id=40#primaryimage\"},\"image\":{\"@id\":\"https:\\\/\\\/franquiciasymarcas.com\\\/?page_id=40#primaryimage\"},\"thumbnailUrl\":\"https:\\\/\\\/franquiciasymarcas.com\\\/wp-content\\\/uploads\\\/2023\\\/11\\\/6-1024x1024.png\",\"datePublished\":\"2023-11-20T10:53:05+00:00\",\"dateModified\":\"2023-11-21T12:56:38+00:00\",\"breadcrumb\":{\"@id\":\"https:\\\/\\\/franquiciasymarcas.com\\\/?page_id=40#breadcrumb\"},\"inLanguage\":\"es\",\"potentialAction\":[{\"@type\":\"ReadAction\",\"target\":[\"https:\\\/\\\/franquiciasymarcas.com\\\/?page_id=40\"]}]},{\"@type\":\"ImageObject\",\"inLanguage\":\"es\",\"@id\":\"https:\\\/\\\/franquiciasymarcas.com\\\/?page_id=40#primaryimage\",\"url\":\"https:\\\/\\\/franquiciasymarcas.com\\\/wp-content\\\/uploads\\\/2023\\\/11\\\/6.png\",\"contentUrl\":\"https:\\\/\\\/franquiciasymarcas.com\\\/wp-content\\\/uploads\\\/2023\\\/11\\\/6.png\",\"width\":1080,\"height\":1080},{\"@type\":\"BreadcrumbList\",\"@id\":\"https:\\\/\\\/franquiciasymarcas.com\\\/?page_id=40#breadcrumb\",\"itemListElement\":[{\"@type\":\"ListItem\",\"position\":1,\"name\":\"Portada\",\"item\":\"https:\\\/\\\/franquiciasymarcas.com\\\/\"},{\"@type\":\"ListItem\",\"position\":2,\"name\":\"Sobre nosotros\"}]},{\"@type\":\"WebSite\",\"@id\":\"https:\\\/\\\/franquiciasymarcas.com\\\/#website\",\"url\":\"https:\\\/\\\/franquiciasymarcas.com\\\/\",\"name\":\"Franquicias\",\"description\":\"\",\"potentialAction\":[{\"@type\":\"SearchAction\",\"target\":{\"@type\":\"EntryPoint\",\"urlTemplate\":\"https:\\\/\\\/franquiciasymarcas.com\\\/?s={search_term_string}\"},\"query-input\":{\"@type\":\"PropertyValueSpecification\",\"valueRequired\":true,\"valueName\":\"search_term_string\"}}],\"inLanguage\":\"es\"}]}<\/script>\n<!-- \/ Yoast SEO plugin. -->","yoast_head_json":{"title":"Sobre nosotros - Franquicias","robots":{"index":"index","follow":"follow","max-snippet":"max-snippet:-1","max-image-preview":"max-image-preview:large","max-video-preview":"max-video-preview:-1"},"canonical":"https:\/\/franquiciasymarcas.com\/?page_id=40","og_locale":"es_ES","og_type":"article","og_title":"Sobre nosotros - Franquicias","og_description":"Pertenecemos a Fondos de Inversi\u00f3n y buscamos ayudar a las marcas a expandirse y convertirse en franquicias exitosas. LOGO Nos enfocamos en brindar soluciones personalizadas y adaptadas a las necesidades espec\u00edficas de cada marca. Nuestro objetivo es ayudar a las marcas a maximizar su crecimiento y \u00e9xito en el mercado de las franquicias. Ofrecemos una [&hellip;]","og_url":"https:\/\/franquiciasymarcas.com\/?page_id=40","og_site_name":"Franquicias","article_modified_time":"2023-11-21T12:56:38+00:00","og_image":[{"url":"https:\/\/franquiciasymarcas.com\/wp-content\/uploads\/2023\/11\/6-1024x1024.png","type":"","width":"","height":""}],"twitter_card":"summary_large_image","twitter_misc":{"Tiempo de lectura":"3 minutos"},"schema":{"@context":"https:\/\/schema.org","@graph":[{"@type":"WebPage","@id":"https:\/\/franquiciasymarcas.com\/?page_id=40","url":"https:\/\/franquiciasymarcas.com\/?page_id=40","name":"Sobre nosotros - Franquicias","isPartOf":{"@id":"https:\/\/franquiciasymarcas.com\/#website"},"primaryImageOfPage":{"@id":"https:\/\/franquiciasymarcas.com\/?page_id=40#primaryimage"},"image":{"@id":"https:\/\/franquiciasymarcas.com\/?page_id=40#primaryimage"},"thumbnailUrl":"https:\/\/franquiciasymarcas.com\/wp-content\/uploads\/2023\/11\/6-1024x1024.png","datePublished":"2023-11-20T10:53:05+00:00","dateModified":"2023-11-21T12:56:38+00:00","breadcrumb":{"@id":"https:\/\/franquiciasymarcas.com\/?page_id=40#breadcrumb"},"inLanguage":"es","potentialAction":[{"@type":"ReadAction","target":["https:\/\/franquiciasymarcas.com\/?page_id=40"]}]},{"@type":"ImageObject","inLanguage":"es","@id":"https:\/\/franquiciasymarcas.com\/?page_id=40#primaryimage","url":"https:\/\/franquiciasymarcas.com\/wp-content\/uploads\/2023\/11\/6.png","contentUrl":"https:\/\/franquiciasymarcas.com\/wp-content\/uploads\/2023\/11\/6.png","width":1080,"height":1080},{"@type":"BreadcrumbList","@id":"https:\/\/franquiciasymarcas.com\/?page_id=40#breadcrumb","itemListElement":[{"@type":"ListItem","position":1,"name":"Portada","item":"https:\/\/franquiciasymarcas.com\/"},{"@type":"ListItem","position":2,"name":"Sobre nosotros"}]},{"@type":"WebSite","@id":"https:\/\/franquiciasymarcas.com\/#website","url":"https:\/\/franquiciasymarcas.com\/","name":"Franquicias","description":"","potentialAction":[{"@type":"SearchAction","target":{"@type":"EntryPoint","urlTemplate":"https:\/\/franquiciasymarcas.com\/?s={search_term_string}"},"query-input":{"@type":"PropertyValueSpecification","valueRequired":true,"valueName":"search_term_string"}}],"inLanguage":"es"}]}},"_links":{"self":[{"href":"https:\/\/franquiciasymarcas.com\/index.php?rest_route=\/wp\/v2\/pages\/40","targetHints":{"allow":["GET"]}}],"collection":[{"href":"https:\/\/franquiciasymarcas.com\/index.php?rest_route=\/wp\/v2\/pages"}],"about":[{"href":"https:\/\/franquiciasymarcas.com\/index.php?rest_route=\/wp\/v2\/types\/page"}],"author":[{"embeddable":true,"href":"https:\/\/franquiciasymarcas.com\/index.php?rest_route=\/wp\/v2\/users\/1"}],"replies":[{"embeddable":true,"href":"https:\/\/franquiciasymarcas.com\/index.php?rest_route=%2Fwp%2Fv2%2Fcomments&post=40"}],"version-history":[{"count":3,"href":"https:\/\/franquiciasymarcas.com\/index.php?rest_route=\/wp\/v2\/pages\/40\/revisions"}],"predecessor-version":[{"id":173,"href":"https:\/\/franquiciasymarcas.com\/index.php?rest_route=\/wp\/v2\/pages\/40\/revisions\/173"}],"wp:attachment":[{"href":"https:\/\/franquiciasymarcas.com\/index.php?rest_route=%2Fwp%2Fv2%2Fmedia&parent=40"}],"curies":[{"name":"wp","href":"https:\/\/api.w.org\/{rel}","templated":true}]}}